base 3) to base 10
-995348
-20c1b3 (base 13) to base 16
-bbcf1
Convert -de1d (base 15) to base 5.
-3001203
What is -23342312 (base 5) in base 9?
-357337
-2512201 (base 9) to base 7
-14420260
What is -2001201122101 (base 3) in base 15?
-16a00a
Convert -277d5 (base 16) to base 9.
-265781
-30302024 (base 5) to base 13
-870b4
What is 10202000102 (base 3) in base 10?
73640
Convert 10001012201 (base 3) to base 14.
17bac
7a8d7 (base 15) to base 14
a2263
What is -301321223 (base 4) in base 6?
-4214135
What is -209503 (base 12) in base 8?
-1753623
-605637 (base 9) to base 15
-71324
What is -3330301002 (base 4) in base 12?
-41b196
Convert 12241 (base 14) to base 16.
ad41
What is -12007 (base 14) in base 9?
-66210
-11ccb (base 15) to base 11
-3981a
Convert 11001001100010010 (base 2) to base 6.
2113414
-3859b82 (base 12) to base 5
-10313211042
Convert 10011011100110 (base 2) to base 6.
114034
e1261 (base 15) to base 12
2a450a
-5270ba (base 15) to base 6
-220021021
-c60dc (base 16) to base 6
-25215404
Convert 2222010 (base 5) to base 14.
10301
Convert -4755351 (base 8) to base 16.
-13dae9
What is -2141012011 (base 5) in base 10?
-4625881
What is -218982 (base 14) in base 9?
-2123806
247541 (base 10) to base 16
3c6f5
Convert 3032032022 (base 4) to base 12.
3489a2
What is 330021121320 (base 4) in base 6?
1321540040
What is -214624546 (base 7) in base 10?
-12931036
-201202303 (base 4) to base 8
-414263
1fb39 (base 16) to base 8
375471
-1121201110100 (base 3) to base 12
-356009
5240b7 (base 12) to base 3
2102200020011
20010 (base 13) to base 5
3312020
Convert 13013300 (base 4) to base 10.
29168
-334521 (base 6) to base 14
-a437
Convert -296203 (base 12) to base 8.
-2515243
49907 (base 10) to base 2
1100001011110011
-11570024 (base 9) to base 8
-25446064
What is -202212153 (base 7) in base 5?
-11010123223
Convert 4703223 (base 8) to base 11.
7a4455
What is -8e67b (base 15) in base 7?
-3566534
What is -1112022211120 (base 3) in base 15?
-111049
What is -120010211011 (base 3) in base 5?
-34014110
108525 (base 10) to base 6
2154233
What is -6676 (base 9) in base 5?
-124204
Convert 1130334312 (base 5) to base 11.
1509967
What is 31011214 (base 6) in base 14?
1918ca
-2303213010 (base 4) to base 10
-735684
Convert -115a43 (base 11) to base 12.
-8a304
202201011022 (base 3) to base 11
259290
Convert -3131328 (base 9) to base 10.
-1674053
534a458 (base 11) to base 4
203322030003
-17aa628 (base 11) to base 2
-1011101010111011000010
Convert 535522 (base 6) to base 8.
126012
Convert -1131103 (base 7) to base 9.
-235767
-107939 (base 11) to base 8
-516753
What is 613cd (base 15) in base 6?
10333521
-1001010000011000101101 (base 2) to base 12
-990211
What is -4daa (base 14) in base 12?
-7ab6
What is 263756b (base 12) in base 14?
1003ba3
What is 1465 (base 7) in base 15?
291
What is -7b208 (base 12) in base 13?
-59b16
Convert 1105c (base 15) to base 16.
d347
-2102010122 (base 3) to base 7
-255302
What is 869b23 (base 15) in base 3?
110001202002220
Convert 231860 (base 10) to base 14.
606d6
Convert -27ec04 (base 16) to base 3.
-11220220220220
What is 1b075c1 (base 13) in base 3?
121210120002221
71e5 (base 15) to base 11
17098
Convert 100011100110001100000 (base 2) to base 7.
12625451
-4a53025 (base 11) to base 9
-17452565
Convert 80352 (base 13) to base 14.
5d698
What is 22b38a (base 14) in base 5?
300331444
What is -1330071 (base 8) in base 11?
-2350a3
What is -d639cb (base 15) in base 5?
-10102003331
1374521 (base 8) to base 7
3220262
1001000110100110 (base 2) to base 11
26017
Convert -b5e2f9 (base 16) to base 11.
-6801844
Convert -131060 (base 11) to base 9.
-344071
Convert 240243204 (base 5) to base 14.
209d29
10011101101110101 (base 2) to base 4
103231311
What is 61291d (base 15) in base 14?
882154
-4016149 (base 11) to base 14
-d30a8d
Convert 2100999 (base 10) to base 2.
1000000000111100000111
Convert 3021000 (base 6) to base 4.
202312320
Convert 3c769 (base 13) to base 9.
182387
Convert 101111010100101100001111 (base 2) to base 4.
233110230033
Convert -100001211010002 (base 3) to base 13.
-cc945b
111100110101011110 (base 2) to base 10
249182
32023323312 (base 4) to base 12
12b4186
What is d05a (base 16) in base 9?
81144
What is -b5042 (base 14) in base 10?
-436354
Convert -41d8b1 (base 16) to base 10.
-4315313
What is -154241104 (base 6) in base 16?
-322780
-1508d3 (base 14) to base 4
-2302220021
What is -221102101 (base 3) in base 2?
-100100001100100
Convert -213056 (base 9) to base 13.
-459b4
-1818030 (base 9) to base 3
-1220122001000
Convert -11110111011001101 (base 2) to base 16.
-1eecd
Convert -39119 (base 14) to base 13.
-4ba4a
Convert 1688c7 (base 15) to base 14.
206000
What is -76dbe0 (base 15) in base 10?
-5665935
-4461373 (base 8) to base 7
-13146040
What is 15514c (base 13) in base 5?
113302231
51235353 (base 6) to base 7
15316650
Convert -1728365 (base 9) to base 3.
-1210222102012
12201112222 (base 3) to base 2
11011100000011110
130266 (base 8) to base 12
2221a
Convert -1808 (base 10) to base 13.
-a91
Convert 112102221211 (base 3) to base 16.
45676
Convert 133320301 (base 4) to base 9.
218141
What is -e6907 (base 15) in base 7?
-6133201
What is -7953b (base 13) in base 11?
-140811
486559 (base 15) to base 4
31031230113
-10402344 (base 5) to base 8
-261536
What is -58246 (base 10) in base 6?
-1125354
21634 (base 11) to base 13
11387
Convert 3e611 (base 16) to base 13.
8c3b3
What is -30613150 (base 8) in base 5?
-3130300200
What is 10130220420 (base 5) in base 8?
47525033
What is -3301132313 (base 4) in base 15?
-14810b
What is 103113525 (base 6) in base 15?
26211b
14434444 (base 5) to base 13
55ab1
-1715776 (base 8) to base 9
-840055
What is -31182 (base 11) in base 8?
-130631
What is 403245 (base 6) in base 7?
161603
40353 (base 15) to base 14
54101
Convert 128447c (base 13) to base 12.
1b40962
Convert -1130751 (base 10) to base 13.
-3078ab
What is -2110112220 (base 4) in base 7?
-5110410
Convert 5c819 (base 13) to base 8.
515057
Convert 11121001202001 (base 3) to base 8.
11241352
Convert -2675207 (base 8) to base 9.
-1365817
Convert 2233818 (base 9) to base 11.
752245
Convert -825680 (base 9) to base 13.
-141b97
12760a (base 11) to base 16
30ec2
-100010111202 (base 3) to base 4
-223313321
What is -10389 (base 16) in base 6?
-1231333
What is -1432034403 (base 5) in base 16?
-39bc30
Convert 27dfd9 (base 16) to base 11.
1525385
What is 2336156 (base 7) in base 15?
5c665
What is -32442224 (base 5) in base 13?
-9ab49
-13411344 (base 5) to base 10
-138349
What is -11325443 (base 8) in base 10?
-2468643
2026357 (base 11) to base 13
984b34
What is 1211100010 (base 3) in base 12?
18993
What is -1204964 (base 14) in base 6?
-504414112
-4cc3dd (base 14) to base 5
-1134132444
Convert -2915 (base 15) to base 6.
-104415
What is 13a32c (base 14) in base 13?
1ab055
What is 2412110 (base 8) in base 9?
1216086
What is 6a2ca (base 16) in base 3?
211002120001
Convert 9dea9 (base 16) to base 9.
1185244
87a33 (base 11) to base 4
133023023
What is 211203132 (base 5) in base 7?
10331313
What is 29209 (base 12) in base 11?
3a080
What is -4245573 (base 10) in base 14?
-7c7313
What is -423411124 (base 5) in base 15?
-252144
2244543 (base 7) to base 8
1043144
843261 (base 11) to base 6
44543522
78ac34 (base 13) to base 7
33144434
What is -10010111011000010011100 (base 2) in base 6?
-254152512
Convert 100112112210 (base 3) to base 11.
119074
-472740 (base 8) to base 5
-20124443
What is 1965197 (base 10) in base 12?
7a9325
-e13d8 (base 15) to base 4
-2232010223
-16c785 (base 16) to base 14
-2ac097
Convert -3842327 (base 9) to base 14.
-3c7525
16640 (base 9) to base 3
120201100
What is -727230 (base 8) in base 5?
-30210204
Convert 1252161 (base 8) to base 13.
c2cb0
What is -131051255 (base 6) in base 13?
-6c1121
Convert -41241 (base 8) to base 10.
-17057
What is 8187b0 (base 13) in base 14?
587ad9
What is -15468782 (base 9) in base 3?
-112112022212202
-11101311320 (base 4) to base 14
-28042c
Convert -8b1d (base 16) to base 5.
-2114423
What is -14ab50 (base 16) in base 10?
-1354576
-440035 (base 6) to base 14
-d339
What is -49a164 (base 11) in base 10?
-789474
Convert a6245 (base 11) to base 12.
75627
28c1a (base 16) to base 6
3324510
Convert -102110100210 (base 3) to base 16.
-370f5